{"id":258,"date":"2018-01-22T10:17:40","date_gmt":"2018-01-22T14:17:40","guid":{"rendered":"http:\/\/ayuntamientolascharcas.gob.do\/transparencia\/?page_id=258"},"modified":"2024-10-28T12:00:24","modified_gmt":"2024-10-28T16:00:24","slug":"responsable-de-acceso-a-la-informacion","status":"publish","type":"page","link":"https:\/\/ayuntamientolascharcas.gob.do\/transparencia\/responsable-de-acceso-a-la-informacion\/","title":{"rendered":"Responsable de Acceso a la Informaci\u00f3n"},"content":{"rendered":"<p><strong>CHAROLIN LISBEH ROSA CALDERON<\/strong><\/p>\n<p>Responsable Acceso a la Informaci\u00f3n P\u00fablica<\/p>\n<p><span style=\"font-size: 10pt\">Correo Electr\u00f3nico: ayuntamientolascharcas@gmail.com<\/span><\/p>\n<p>charolindelarosa@hotmail.com<\/p>\n<p><span style=\"font-size: 10pt\">Tel.: 809-521-9790<\/span><\/p>\n<p><span style=\"font-size: 10pt\">Calle M\u00e1ximo G\u00f3mez # 25, Centro Ciudad, Municipio Las Charcas, Prov. Azua<\/span><\/p>\n<p class=\"paragraph ng-attr-widget\">\n","protected":false},"excerpt":{"rendered":"CHAROLIN LISBEH ROSA CALDERON Responsable Acceso a la Informaci\u00f3n P\u00fablica Correo Electr\u00f3nico: ayuntamientolascharcas@gmail.com charolindelarosa@hotmail.com Tel.: 809-521-9790 Calle M\u00e1ximo G\u00f3mez # 25, Centro Ciudad, Municipio Las Charcas, Prov. Azua","protected":false},"author":3,"featured_media":486,"parent":0,"menu_order":0,"comment_status":"closed","ping_status":"closed","template":"","meta":[],"_links":{"self":[{"href":"https:\/\/ayuntamientolascharcas.gob.do\/transparencia\/wp-json\/wp\/v2\/pages\/258"}],"collection":[{"href":"https:\/\/ayuntamientolascharcas.gob.do\/transparencia\/wp-json\/wp\/v2\/pages"}],"about":[{"href":"https:\/\/ayuntamientolascharcas.gob.do\/transparencia\/wp-json\/wp\/v2\/types\/page"}],"author":[{"embeddable":true,"href":"https:\/\/ayuntamientolascharcas.gob.do\/transparencia\/wp-json\/wp\/v2\/users\/3"}],"replies":[{"embeddable":true,"href":"https:\/\/ayuntamientolascharcas.gob.do\/transparencia\/wp-json\/wp\/v2\/comments?post=258"}],"version-history":[{"count":8,"href":"https:\/\/ayuntamientolascharcas.gob.do\/transparencia\/wp-json\/wp\/v2\/pages\/258\/revisions"}],"predecessor-version":[{"id":832,"href":"https:\/\/ayuntamientolascharcas.gob.do\/transparencia\/wp-json\/wp\/v2\/pages\/258\/revisions\/832"}],"wp:featuredmedia":[{"embeddable":true,"href":"https:\/\/ayuntamientolascharcas.gob.do\/transparencia\/wp-json\/wp\/v2\/media\/486"}],"wp:attachment":[{"href":"https:\/\/ayuntamientolascharcas.gob.do\/transparencia\/wp-json\/wp\/v2\/media?parent=258"}],"curies":[{"name":"wp","href":"https:\/\/api.w.org\/{rel}","templated":true}]}}